(-20))/(2*2/(-288)). Suppose -20*b + z = -17*b. Calculate the greatest common factor of b and 24.
6
Let h = -3 + 4. Let x be 2*(63 - 65)*(-2)/8. What is the greatest common factor of x and h?
1
Let n = 160 + -151. Calculate the highest common divisor of n and 189.
9
Let z(q) = -161*q + 3. Let i be z(-2). Calculate the greatest common factor of i and 175.
25
Suppose 4*j = 3*q - 1905, 0 = 5*q - 8*j + 6*j - 3189. What is the highest common divisor of q and 18?
9
Suppose 240 = -14*s + 18*s. What is the highest common factor of s and 36?
12
Let a(c) = -c**2 - 15*c + 3. Let b be a(-6). What is the greatest common factor of 6 and b?
3
Let r be 238 - 10*(-6)/(-15). What is the highest common divisor of r and 26?
26
Suppose -13 + 37 = 3*f. Let n(s) = 4*s**3 + 10*s - 4*s**3 + 2*s**3 - 12 - s**3 - 9*s**2. Let w be n(f). What is the highest common factor of 16 and w?
4
Let s(t) = -t**2 + 15*t + 17. Let x be s(15). Let n be (x/51)/(2/198). Calculate the highest common factor of n and 231.
33
Let t(w) = -183*w - 2. Let v be t(-1). Suppose -59 - v = 5*n. Let z = -32 - n. What is the greatest common factor of z and 176?
16
Let b = -35 + 38. Suppose 5*z + b - 23 = 0. Suppose -2*y = z*j - 48, 0 = -y - j + 3*j + 4. What is the highest common factor of y and 56?
14
Suppose 4*t - 6772 = -4*n, 5*t - 8438 = 2*n + 2*n. What is the highest common divisor of 13 and t?
13
Let b be (-20)/(-5) + -11*3. Let n = b + 34. Let d(j) = j**2 - 10*j + 11. Let g be d(9). Calculate the highest common factor of n and g.
1
Let c(y) be the third derivative of y**5/60 - 11*y**4/24 + y**3 + 6*y**2. Let r be c(-7). What is the highest common factor of 33 and r?
33
Let d = 68 + 55. Suppose -d = 2*f - 2*q - 499, -2*f - 4*q + 364 = 0. Calculate the greatest common factor of f and 124.
62
Let n be (-30)/(-8) + (9/4 - 2). Let k(w) = w**3 - w**2 - 9*w + 28. Let s be k(n). Calculate the highest common divisor of s and 4.
4
Suppose -q - 12 = -5*q, 741 = -5*l + 2*q. Let u = 207 + l. Calculate the greatest common divisor of u and 20.
20
Let r(b) = -b**3 - 7*b**2 + 2*b - 36. Let o be r(-8). Calculate the highest common factor of 1212 and o.
12
Let l = -40 + 45. Let n(r) = -r**3 + 5*r**2 - 2*r - 4. Let y be n(4). Suppose y*q = 5*q - 25. What is the greatest common factor of q and l?
5
Let l be -27*(-1 + (-1 - -1)). Let c be (8/(-40))/(1/(-45)). What is the greatest common factor of c and l?
9
Suppose 0 = -3*y - 3*y + 2826. Suppose -y = -5*x - 51. Calculate the highest common factor of x and 12.
12
Suppose -825 = -17*i - 38*i. What is the greatest common divisor of i and 105?
15
Suppose 1028 = 7*l - 582. What is the highest common divisor of 10 and l?
10
Let p = -39 + 26. Let h = -7 - -6. Let i = h - p. What is the greatest common factor of 4 and i?
4
Let f(t) be the third derivative of -t**5/60 - 23*t**4/24 - 22*t**3/3 + 5*t**2. Let g be f(-20). What is the highest common factor of 176 and g?
16
Let g = -11 + 17. Let y(o) be the second derivative of o**3/6 + 3*o**2 - 53*o. Let t be y(g). Calculate the highest common divisor of 108 and t.
12
Let v(c) = c**3 - 2*c**2 - 4*c. Let i be v(6). Suppose -16*t - i = -456. Calculate the greatest common divisor of t and 168.
21
Suppose 2*t + 8 = 6*t. Suppose 11 - 3 = t*k. Calculate the highest common factor of 16 and k.
4
Suppose 0*o - 18 = -2*o - 2*z, -3*o + 39 = -z. Suppose 0 = -4*w - 0 - 16. Let c = w - -8. Calculate the highest common divisor of o and c.
4
Let s = 20 - 13. Suppose -7 = -s*w + 14. Suppose w*q - 110 = 166. What is the highest common factor of q and 23?
23
Let i be (-12)/(-15)*(-30)/(-4). Suppose -i*v + 157 = -5*v. Let x = v + -76. What is the greatest common factor of x and 9?
9
Suppose 2*z = -s + 22 + 10, -3*z = -2*s - 34. Let n = 313 - 187. What is the greatest common factor of n and z?
14
Suppose -17*v + 36*v - 2470 = 0. Calculate the greatest common factor of v and 234.
26
Suppose -10 = -4*i - 2, -19 = -3*m - 5*i. Suppose -5*s = -m*x - 192, 136 = 4*s + x + x. What is the highest common divisor of s and 18?
18
Suppose 9*f - 1223 = 1522. What is the greatest common factor of 5 and f?
5
Let c = -20 + 19. Let y = c - -23. Calculate the highest common divisor of y and 2.
2
Let i = -427 + 430. What is the greatest common divisor of 51 and i?
3
Suppose 1683 = 64*y - 55*y. What is the greatest common divisor of 55 and y?
11
Suppose -h + 3*h - 120 = 0. Suppose -13*z - 3*i = -11*z - 34, -66 = -3*z + 3*i. Calculate the highest common divisor of h and z.
20
Suppose -9*m + 10*m = 4*p - 559, 2*p - 2*m = 278. What is the greatest common divisor of p and 112?
28
Let h = 49 + -88. Let z = h + 118. Suppose -10 = 3*r - z. Calculate the greatest common factor of 92 and r.
23
Suppose 5*k - 118 = 5*t - 1068, 5*t - 940 = -5*k. Calculate the greatest common divisor of 162 and t.
27
Let m = -113 - -174. Suppose 64*f - 399 = m*f. What is the highest common factor of 19 and f?
19
Suppose -q - q + 198 = 0. Let j be 52*4/(-16)*-2. Suppose -j = -4*r + 10. What is the highest common factor of r and q?
9
Suppose q + 34 = 5*k, 3*q - 2*k + 57 = -45. Let g = 42 + q. Let b be (-23)/(-3) + 1/3. Calculate the highest common factor of b and g.
8
Suppose -10 = 5*v + 4*n, -4*n = n. Suppose -z = -3*h + 7 + 2, -15 = -5*h - z. Let d be (v/5)/(h/(-105)). What is the highest common factor of d and 98?
14
Let d be (-2)/(-6) + 1676/12. Let o be (-147)/14*40/(-3). Suppose 3*p - 28 - o = 0. What is the highest common factor of p and d?
28
Let r = 275 + -190. Suppose 0 = 2*k + 4*i - 6, -i + 9 = 3*k - 5. Suppose k*y = j - 37, 5*j = j - 5*y + 48. Calculate the greatest common factor of j and r.
17
Suppose -3*d - 32 = d. Let z(h) = h**2 + 8*h + 7. Let m be z(d). Let y be (-1)/6 + ((-45837)/(-54))/11. What is the greatest common factor of m and y?
7
Suppose -6 = 28*z - 30*z. Suppose v + 9 = 4*a, 6 = 2*a - 5*v + z*v. Calculate the greatest common factor of a and 22.
2
Suppose -2*l - 1 = -2*d - 3*d, -4*d - l + 6 = 0. Let m be d - (-9)/(36/8). Calculate the highest common factor of m and 6.
3
Let r(w) be the first derivative of -w**4/4 + 5*w**3/3 + 5*w**2/2 + 7*w - 6. Let h be r(5). Calculate the highest common divisor of h and 8.
8
Let a = 3 - -21. Let d(v) = -v**3 - 13*v**2 - 13*v + 6. Let y be d(-12). What is the highest common divisor of a and y?
6
Let g = 38 - 35. Let i(w) = 5*w + 4. Let p be i(1). What is the greatest common factor of g and p?
3
Suppose 5*a = 10 + 5, 0 = -2*k + 3*a + 1525. Calculate the greatest common divisor of k and 13.
13
Let w = 18 - 36. Let i be (-44)/(-36) + -1 - 320/w. Calculate the greatest common divisor of 36 and i.
18
Let q be (6 - -1) + (-47)/((-47)/168). Calculate the highest common divisor of q and 35.
35
Let u be 32/144 + 4/(-18). Let y = u + 22. Let l be (-10)/55 + 334/y. What is the greatest common factor of l and 15?
15
Suppose -10 = -2*b + 3*k + 17, 5*b - 10 = -4*k. Let p be b/(-4) - 21/14. Let y be p/12 - 170/(-8). What is the highest common factor of 7 and y?
7
Let c(l) = l**3 + 11*l**2 + 10*l - 5. Let s be c(-10). Let w be s/(-25) + (-28)/(-10). Let p = -16 + 17. Calculate the greatest common factor of w and p.
1
Let v(i) = i**3 + 7*i**2 + 10*i + 52. Let g be v(-6). Suppose -5*s = -g - 32. Calculate the highest common divisor of s and 132.
12
Suppose 4*c = 3*d - 0 + 5, 2*d = c + 5. Suppose 0*a = -a + 3*w + 114, d*a - 602 = -w. Suppose a = 2*i + 2*i. What is the highest common factor of i and 5?
5
Let s be (14/21)/(3/117). Suppose r - 40 = s. Calculate the highest common factor of 6 and r.
6
Suppose 0*h = n - 3*h - 54, 2*n = 3*h + 114. Calculate the greatest common divisor of 80 and n.
20
Suppose 325 = 5*y - 2*k + 6*k, 0 = 3*y + 2*k - 195. Suppose -2*u - 2*t + 84 = 0, -4*u + t + 63 = -90. What is the greatest common factor of y and u?
13
Suppose 0 = 78*u - 80*u + 70. What is the greatest common factor of 14 and u?
7
Suppose -c = -4*u + 5, 3*c = 3*u + c. Let f = -3125 + 3141. Calculate the highest common divisor of f and u.
2
Let z = 1974 + -3001. Let t be (-11)/33 + z/(-3). Calculate the highest common divisor of t and 18.
18
Suppose -m + 81 = 2*m. Suppose -2*k + m = 5*n, 3*k - 5*n + 39 = 7*k. What is the greatest common divisor of k and 66?
6
Suppose 0 = 6*v - v - 55. Let o(t) = -t**3 + 7*t**2 - 5. Let p be o(7). Let s be -1*((-3 - p) + -24). Cal